 11?
866
-3848 (base 9) to base 11
-2188
-22043 (base 9) to base 12
-8563
Convert -10001010110 (base 2) to base 9.
-1463
What is -22221 (base 3) in base 9?
-287
1233 (base 6) to base 8
465
-10012210 (base 3) to base 13
-10b3
What is 4444 (base 5) in base 15?
2b9
2061 (base 7) to base 8
1331
Convert -1101001000101 (base 2) to base 11.
-5064
What is 1220011 (base 3) in base 12?
971
bbc7 (base 14) to base 15
997a
What is -4ba (base 12) in base 15?
-32d
Convert 148 (base 16) to base 2.
101001000
Convert -7473 (base 11) to base 13.
-4661
1000011101100000 (base 2) to base 12
18080
Convert -101303 (base 4) to base 12.
-7ab
What is 1432255 (base 6) in base 2?
10100000100001011
What is -21303121 (base 4) in base 14?
-108c1
Convert 348 (base 14) to base 8.
1214
Convert -4241 (base 6) to base 5.
-12321
What is -46740 (base 10) in base 16?
-b694
20 (base 9) to base 4
102
-45 (base 16) to base 7
-126
Convert -4d12 (base 15) to base 3.
-211112222
-25742 (base 10) to base 3
-1022022102
Convert 4a (base 12) to base 8.
72
-3152 (base 10) to base 2
-110001010000
20010201 (base 3) to base 4
1011322
502 (base 9) to base 12
29b
Convert -129 (base 10) to base 11.
-108
-22430 (base 9) to base 5
-434211
What is 13644 (base 10) in base 13?
6297
Convert 13ca (base 13) to base 16.
b36
Convert 3b7 (base 12) to base 14.
2cb
What is 50521 (base 7) in base 8?
27751
What is cc4 (base 13) in base 5?
32223
-1a55 (base 13) to base 14
-1629
What is -9075 (base 12) in base 3?
-210110022
Convert -83 (base 13) to base 6.
-255
Convert 32 (base 5) to base 3.
122
What is 1311011 (base 4) in base 11?
56a2
Convert -123323 (base 8) to base 14.
-117c7
29b4 (base 16) to base 10
10676
What is -11111010000 (base 2) in base 15?
-8d5
1322 (base 8) to base 14
398
What is -223612 (base 7) in base 4?
-21231010
Convert 161 (base 16) to base 11.
2a1
198 (base 16) to base 14
212
What is 103200 (base 4) in base 6?
5440
Convert -71620 (base 9) to base 10.
-47160
What is -2213 (base 9) in base 12?
-b40
124 (base 12) to base 2
10101100
What is -2995 (base 10) in base 9?
-4087
Convert -d4 (base 16) to base 13.
-134
What is -101211100 (base 3) in base 2?
-1111011010101
What is -1101303 (base 4) in base 12?
-3043
What is 4930 (base 11) in base 12?
3892
Convert -20067 (base 11) to base 15.
-8a70
Convert 524 (base 7) to base 8.
407
What is -2a2a (base 15) in base 12?
-5294
-35964 (base 10) to base 14
-d16c
Convert -25143 (base 6) to base 8.
-7227
What is -111132 (base 4) in base 16?
-55e
-18b3 (base 12) to base 15
-d60
What is 116 (base 7) in base 3?
2022
What is -3436 (base 7) in base 6?
-5444
What is 11422 (base 7) in base 11?
2248
528 (base 13) to base 4
31233
Convert 1059 (base 12) to base 7.
5145
What is -1101001101111 (base 2) in base 11?
-50a2
What is 15162 (base 7) in base 8?
10161
What is 4056 (base 11) in base 9?
7343
What is -1401a (base 11) in base 7?
-112161
1301244 (base 5) to base 6
312355
Convert -29c (base 15) to base 5.
-4342
What is -601 (base 8) in base 6?
-1441
Convert -13d62 (base 15) to base 2.
-1111100100010111
What is -3203 (base 8) in base 12?
-b6b
What is -10100000010 (base 2) in base 12?
-8aa
11110 (base 4) to base 8
524
Convert -248 (base 9) to base 15.
-db
Convert 12307 (base 10) to base 7.
50611
What is -16201 (base 14) in base 10?
-55273
What is 1354352 (base 6) in base 13?
29351
2503 (base 6) to base 8
1147
Convert 1415 (base 8) to base 15.
371
-455 (base 13) to base 6
-3242
What is -133733 (base 8) in base 7?
-254136
-10443 (base 7) to base 10
-2628
Convert -1020021 (base 4) to base 3.
-20100000
Convert -110012 (base 3) to base 14.
-197
101101101 (base 2) to base 14
1c1
-20884 (base 9) to base 8
-33026
-2102201 (base 3) to base 15
-7d4
Convert -28397 (base 10) to base 12.
-14525
What is -3204 (base 10) in base 15?
-e39
-10321 (base 5) to base 13
-429
What is 2979 (base 10) in base 8?
5643
33037 (base 8) to base 5
420410
What is -8074 (base 12) in base 9?
-21067
Convert 1230302 (base 4) to base 7.
26204
Convert -4111 (base 5) to base 15.
-256
282 (base 12) to base 2
110000010
-69e3 (base 16) to base 8
-64743
What is 1973 (base 12) in base 10?
3111
Convert -4320 (base 6) to base 10.
-984
-15437 (base 12) to base 11
-20599
Convert 50210 (base 7) to base 8.
27516
20545 (base 7) to base 10
5080
What is 2112210102 (base 3) in base 2?
1100001111100110
-12010323 (base 4) to base 15
-7596
What is 1238 (base 10) in base 15?
578
Convert -111101100001 (base 2) to base 10.
-3937
-3a82 (base 11) to base 14
-1d01
Convert -1011220 (base 3) to base 7.
-2340
What is 3e0 (base 15) in base 9?
1183
Convert -12257 (base 9) to base 6.
-102041
Convert -9383 (base 10) to base 12.
-551b
What is -110010011 (base 2) in base 13?
-250
What is -7560 (base 13) in base 12?
-9526
Convert 2775 (base 8) to base 10.
1533
-16634 (base 9) to base 14
-4260
25156 (base 11) to base 15
aa7e
-2297 (base 13) to base 2
-1001011111000
Convert -23b5 (base 12) to base 15.
-12d5
What is 101201010 (base 3) in base 13?
3726
What is -31a5 (base 16) in base 14?
-48bb
-342230 (base 5) to base 3
-121201111
Convert -1211211102 (base 3) to base 14.
-d34a
Convert -4ba (base 14) to base 8.
-1664
513214 (base 6) to base 14
10c9c
-1411 (base 12) to base 14
-bb7
What is -10a (base 15) in base 11?
-1a4
Convert d817 (base 16) to base 5.
3232234
Convert -588 (base 15) to base 7.
-3440
-26a (base 14) to base 5
-3421
61052 (base 10) to base 16
ee7c
What is 223532 (base 7) in base 5?
2232323
-885 (base 15) to base 7
-5420
Convert 2555 (base 9) to base 16.
779
What is 33444 (base 6) in base 12?
2884
Convert -123d (base 16) to base 3.
-20101221
What is 110000000011010 (base 2) in base 12?
122a2
What is 16616 (base 8) in base 10?
7566
Convert -a737 (base 13) to base 9.
-34736
1441003 (base 5) to base 10
30753
Convert -11010110 (base 2) to base 3.
-21221
1125 (base 11) to base 9
2023
Convert -110011100101 (base 2) to base 14.
-12bb
What is -100010110110 (base 2) in base 10?
-2230
Convert -3201022 (base 4) to base 7.
-60004
What is 364 (base 16) in base 3?
1012011
Convert -1436 (base 8) to base 2.
-1100011110
-2c85 (base 13) to base 3
-22221220
-102010 (base 3) to base 4
-10230
What is 102222 (base 3) in base 5?
2243
-20001011 (base 3) to base 12
-2671
What is 10b5b (base 13) in base 8?
73440
-101101101110010 (base 2) to base 6
-300214
What is -1001022 (base 3) in base 5?
-11024
1140020 (base 5) to base 4
11030030
What is 2223333 (base 4) in base 12?
6453
Convert -420 (base 16) to base 14.
-556
573 (base 8) to base 11
315
What is -46530 (base 10) in base 9?
-70740
-233 (base 9) to base 5
-1232
Convert -10000010110000000 (base 2) to base 4.
-100112000
37009 (base 10) to base 11
25895
Convert -6675 (base 11) to base 16.
-225a
Convert -26564 (base 12) to base 11.
-36601
376 (base 9) to base 11
264
19318 (base 11) to base 13
c3a1
4204323 (base 5) to base 13
25739
What is -1111222 (base 5) in base 15?
-5be2
-110010001101011 (base 2) to base 4
-12101223
Convert 2707 (base 8) to base 5.
21404
Convert 24 (base 6) to base 15.
11
-1013112 (base 4) to base 11
-3481
What is -12313222 (base 4) in base 3?
-1102121011
Convert -11011010010 (base 2) to base 5.
-23441
What is 23 (base 15) in base 6?
53
What is -14524 (base 7) in base 13?
-1ab6
-e17 (base 15) to base 7
-12151
1546 (base 9) to base 7
3300
What is -21d5 (base 15) in base 12?
-419b
Convert -117 (base 15) to base 8.
-367
20112010 (base 3) to base 8
11223
c91 (base 16) to base 14
125b
Convert -101111 (base 3) to base 16.
-11b
Convert 1bb71 (base 13) to base 6.
1101051
What is 3d4 (base 14) in base 16?
306
2303 (base 5) to base 8
510
What is 522 (base 12) in base 16?
2ea
Convert 1144 (base 6) to base 13.
187
What is -13040 (base 7) in base 10?
-3458
Convert -58a (base 13) to base 3.
-1022112
126 (base 8) to base 15
5b
What is a7b0 (base 12) in base 8?
43764
2348 (base 15) to base 11
56a2
Convert 10111010110010 (base 2) to base 6.
131202
Convert 95cd (base 14) to base 11.
18477
What is -6419 (base 10) in base 5?
-201134
What is cac (base 15) in base 7?
11226
2636 (base 9) to base 8
3671
Convert 129ae (base 16) to base 2.
10010100110101110
Convert 250434 (base 7) to base 8.
131420
-25543 (base 11) to base 7
-211450
What is -2514 (base 13) in base 11?
-3a49
Convert -10000000011010 (base 2) to base 7.
-3